- 577. Give o(-3).
2
Let n(d) = d**2 + 456*d - 322. Calculate n(0).
-322
Let o(t) = t**3 + 32*t**2 - 383*t - 11451. Determine o(-33).
99
Let h(v) = 2174*v - 1075724. Calculate h(495).
406
Let y(u) = 3*u**3 - 99*u**2 + 106*u - 11048. What is y(35)?
12
Let k(x) = -x**3 + 100*x**2 - 649*x - 157. Determine k(93).
29
Let y(n) = 2293*n + 19280. Calculate y(-9).
-1357
Let o(q) = -2*q**3 - 1003*q**2 - 53737*q + 199. Determine o(-61).
-45
Let u(w) = -196*w**2 + 1003*w + 2002. What is u(-2)?
-788
Let w(s) = 6*s**3 + 70*s**2 + 263*s + 338. What is w(-3)?
17
Let g(o) = -301*o**3 + 18*o**2 + 8*o - 3. What is g(-2)?
2461
Let g(s) = -1970*s + 419606. Determine g(213).
-4
Let k(i) = i**3 - 42*i**2 + 265*i - 36. Give k(33).
-1092
Let q(p) = -p**3 + 13*p**2 + 40*p - 106. What is q(-4)?
6
Let w(f) = -52*f**3 + 35*f**2 - 24*f - 45. Give w(-4).
3939
Let u(f) = -76*f**2 + 759*f + 32. Determine u(10).
22
Let m(o) = -25*o**2 - 268*o - 770. Calculate m(-5).
-55
Let g(d) = -32114*d - 64445. Determine g(-2).
-217
Let x(f) = 106607*f + 213226. Give x(-2).
12
Let t(g) = -g**3 + 56*g**2 - 758*g - 576. Give t(26).
-4
Let c(l) = l**3 - 310*l**2 + 864*l - 76379. Calculate c(308).
5
Let l(u) = -135*u**2 - 1484*u + 13. Give l(-11).
2
Let c(f) = f**3 + 1665*f**2 + 11603*f - 33. What is c(-7)?
-12
Let r(y) = y**3 + 13*y**2 + 92*y + 1031. Determine r(-12).
71
Let w(p) = -735*p**2 + 3693*p + 24. Determine w(5).
114
Let g(u) = -24311*u + 72929. Give g(3).
-4
Let m(a) = 685*a - 30073. Give m(44).
67
Let r(n) = -2*n**2 + 212*n - 4369. What is r(30)?
191
Let a(g) = -g**2 - 7594*g - 2. Determine a(0).
-2
Let a(w) = 3999*w - 63840. What is a(16)?
144
Let b(d) = 86165*d + 258418. Determine b(-3).
-77
Let g(h) = 1828*h - 1153. Determine g(0).
-1153
Let z(f) = 15*f**3 - 183*f**2 + 44*f - 71. Calculate z(12).
25
Let h(z) = z**2 + 1187*z + 323410. Give h(-424).
-102
Let a(q) = -21*q**2 + 1266*q + 920. What is a(61)?
5
Let j(t) = -318*t**2 - 95720*t - 615. What is j(-301)?
-13
Let o(c) = -c**3 + 25*c**2 - 81*c + 1330. Give o(24).
-38
Let z(d) = -2*d**3 - 580*d**2 - 23993*d + 1682. Calculate z(-240).
2
Let p(v) = -83*v**3 - 12*v**2 - 37*v - 46. Calculate p(-2).
644
Let d(f) = 13631*f + 1526664. Give d(-112).
-8
Let u(t) = 1272*t + 61072. Determine u(-48).
16
Let z(y) = -1035*y - 95445. Calculate z(-92).
-225
Let i(h) = -h**2 - 2974*h + 81031. Give i(27).
4
Let w(y) = 5*y**3 - 166*y**2 + 222*y - 956. What is w(32)?
4
Let s(m) = m**2 - 352*m + 27142. What is s(238)?
10
Let z(r) = 311*r + 45395. Give z(-146).
-11
Let k(l) = 87*l + 1664. Calculate k(-20).
-76
Let k(f) = 2849*f - 11417. Give k(3).
-2870
Let d(h) = 22313*h - 245486. Determine d(11).
-43
Let f(w) = -115*w + 4607. Determine f(34).
697
Let b(i) = -2*i**2 + 2930*i - 60648. What is b(21)?
0
Let c(x) = -x**3 + 24*x**2 - 48*x - 490. Give c(7).
7
Let v(h) = 2*h**3 + 8*h**2 - 2168*h + 18. What is v(31)?
80
Let t(j) = -3286*j + 558647. Give t(170).
27
Let c(g) = -g**3 - 48*g**2 + 254*g + 2578. Determine c(-52).
186
Let z(l) = 3*l**2 - 2113*l - 32323. Give z(-15).
47
Let q(m) = 43*m**2 - 97*m - 400. Calculate q(4).
-100
Let q(v) = -5*v**2 + 1603*v + 754. What is q(321)?
112
Let u(a) = -a**3 + 91*a**2 + 327*a - 4797. Determine u(94).
-567
Let w(u) = -4177*u + 41005. Give w(10).
-765
Let n(r) = -5*r + 1953. Determine n(-79).
2348
Let g(h) = -14*h + 623. Give g(19).
357
Let i(f) = 4043*f - 11819. Determine i(3).
310
Let y(u) = 3876*u - 11617. Give y(3).
11
Let o(n) = 2016*n + 9547. Determine o(-5).
-533
Let w(l) = -11*l**2 - 293*l - 101. Calculate w(-26).
81
Let i(x) = -x**3 - 22*x**2 + 73*x + 1760. Give i(-23).
610
Let g(v) = -5*v**3 + 679*v**2 - 16246*v + 65. Determine g(31).
3
Let r(q) = -7688*q + 2821501. Calculate r(367).
5
Let j(b) = -b**3 - 51*b**2 + 149*b + 2572. Determine j(8).
-12
Let b(q) = -328*q + 42067. What is b(128)?
83
Let p(a) = a**2 - 3349*a - 463093. Calculate p(-133).
13
Let h(k) = -k**2 + 349*k - 27090. What is h(118)?
168
Let r(y) = -2126*y - 14891. Determine r(-7).
-9
Let z(n) = 6*n**3 + 534*n**2 - 29949*n + 398. Give z(-128).
14
Let h(y) = y**3 + 151*y**2 - 5823*y - 182. What is h(32)?
874
Let c(n) = 4678*n - 233867. Calculate c(50).
33
Let y(t) = -127*t**2 - 1294*t + 2587. Calculate y(2).
-509
Let f(s) = -12942*s - 12944. Give f(-1).
-2
Let v(f) = f**3 - 33*f**2 - 4023*f - 245. Give v(-49).
0
Let c(q) = q**3 + 144*q**2 + 82*q - 8200. Give c(-143).
523
Let h(b) = -b**3 - 7*b**2 + 2549*b + 12787. Calculate h(-5).
-8
Let a(v) = 10*v**3 + 719*v**2 + 11707*v + 163. What is a(-47)?
-25
Let h(i) = -16*i**3 + 608*i**2 + 5*i + 57. What is h(38)?
247
Let a(c) = -c**2 - 341*c - 13533. Give a(-46).
37
Let f(k) = 21*k**2 - 7930*k - 3018. Determine f(378).
6
Let b(v) = -1778691*v + 12450844. Give b(7).
7
Let v(t) = -4192*t - 1337245. Give v(-319).
3
Let d(c) = -14188*c + 808710. What is d(57)?
-6
Let u(b) = -3*b**2 + 3233*b - 647140. Calculate u(812).
24
Let l(o) = -296*o - 28409. Give l(-96).
7
Let y(b) = 45*b + 530. Determine y(-16).
-190
Let p(y) = y**2 - 4394*y + 21959. Determine p(5).
14
Let l(i) = -5351*i - 101724. Give l(-19).
-55
Let b(m) = -32826*m + 230741. Determine b(7).
959
Let r(i) = -5483*i**2 - 21933*i - 16. Calculate r(-4).
-12
Let v(d) = -d**3 + 795*d**2 + 5560*d + 43327. Calculate v(802).
19
Let f(q) = 10*q**2 - 5016*q + 316421. Calculate f(74).
-3
Let i(j) = j**2 + 211*j - 1462. Determine i(7).
64
Let l(d) = -d**2 + 408*d - 39340. Determine l(135).
-2485
Let w(t) = t**3 - 55*t**2 - 393*t + 162. What is w(-7)?
-125
Let i(g) = g**3 + 78*g**2 - 994*g - 586. What is i(-89)?
749
Let c(g) = -6*g**2 + 248*g + 118. Calculate c(42).
-50
Let p(m) = 86768*m - 2689797. Determine p(31).
11
Let x(m) = 4*m**3 - 32*m**2 + 210*m - 2734. Determine x(13).
3376
Let k(t) = 85287*t + 2046884. Determine k(-24).
-4
Let n(a) = 10*a**2 + 137*a - 880. What is n(7)?
569
Let q(x) = 684*x + 347468. Give q(-508).
-4
Let d(l) = 681*l**2 - 1959*l + 1968. Give d(1).
690
Let l(r) = -84*r + 1685. Calculate l(20).
5
Let p(j) = 467*j + 155968. Determine p(-334).
-10
Let h(m) = 3021320*m + 6042636. Determine h(-2).
-4
Let p(j) = 398*j + 25241. Calculate p(-63).
167
Let p(b) = -b**2 + 143*b - 4192. Give p(43).
108
Let g(z) = z**3 - 502*z**2 + 1954*z + 18921. Determine g(498).
-3
Let v(i) = 50*i**3 + 1653*i**2 + 98*i - 24. Give v(-33).
9
Let t(m) = 929*m**2 - 6505*m + 49. Calculate t(7).
35
Let j(h) = h**2 - 368110*h - 18. What is j(0)?
-18
Let r(g) = 8*g**2 - 788*g + 3203. What is r(89)?
-3561
Let a(t) = t**3 - 61*t**2 + 420*t - 29904. Calculate a(62).
-20
Let c(f) = -f**3 + 76*f**2 + 564*f + 170. Calculate c(83).
-1241
Let b(z) = 102*z**2 - 108*z + 237. What is b(2)?
429
Let f(x) = -x**3 - 247*x**2 + 16611*x + 252. Give f(-302).
-50
Let r(i) = 4*i**3 - 12*i**2 - 713*i + 13. Calculate r(-12).
-71
Let b(p) = 4*p**2 - 1267*p - 1590. Give b(318).
0
Let o(p) = 19*p**3 + 132*p**2 + 16*p - 41. Give o(-6).
511
Let a(t) = 121*t - 1913. Give a(23).
870
Let r(k) = -3*k**2 - 212*k + 3187. Calculate r(-84).
-173
Let a(z) = 28*z**2 - 1968*z + 363. What is a(70)?
-197
Let l(a) = -64*a**2 + 9608*a - 1193. What is l(150)?
7
Let w(m) = -137*m - 1663. What is w(-9)?
-430
Let t(b) = 9865*b**3 - 29592*b**2 - 34. Calculate t(3).
-7
Let n(f) = f**3 + 50*f**2 + 72*f - 1128. Determine n(-48).
24
Let x(b) = 4*b**3 - 26*b**2 + 20*b - 117. What is x(6)?
-69
Let w(i) = -i**3 + 227*i**2 - 994*i + 278607. What is w(228)?
-9
Let p(z) = -48*z**2 - 3612*z - 4467. Calculate p(-74).
-27
Let h(i) = i**2 + 4505*i - 145219. Calculate h(32).
-35
Let c(y) = -109249*y + 764724. What is c(7)?
-19
Let k(n) = -9*n**2 + 1106*n + 1334. What is k(124)?
94
Let s(j) = -j**3 + 45*j**2 - 178*j - 11. Give s(5).
99
Let p(k) = -3*k**2 - 625*k + 117757. Give p(-328).
5
Let v(s) = -13*s**2 + 266*s - 57. Determine v(0).
-57
Let i(z) = -105*z**3 - 5*z**2 - 22*z + 39. Give i(2).
-865
Let o(y) = -2*y**2 - 48835*y + 977497. Determine o(20).
-3
Let f(p) = 3*p**3 - 4*p**2 + 23*p - 481. What is f(11)?
3281
Let m(y) = -7*y**2 - 159*y + 132. Give m(-23).
86
Let y(m) = -14878*m - 127. Give y(0).
-127
Let p(n) = 2*n**2 + 51332*n - 1696132. Give p(33).
2
Let y(i) = -696*i - 2869. Determine y(-4).
-85
Let w(k) = -28*k**2 + 4647*k - 22366. What is w(161)?
13
Let p(g) = g**2 + 378563*g - 4921492. Determine p(13).
-4
Let 